d 325.
65
Let j be (-2456)/(-4298) - (-76)/14. Calculate the highest common factor of j and 30642.
6
Let v = 22537 + -21948. Calculate the highest common factor of v and 57.
19
Let d(x) = -48*x - 66. Suppose -2*g - 5*r - 23 = 0, 4*g - 4*r + 4 = -0*r. Let n be d(g). What is the highest common factor of n and 162?
18
Let q(c) = -c**2 + 22*c + 21. Let u be q(21). Let v = 286 - u. Suppose 2*x = 2*j - x - 147, -4*j = 4*x - v. What is the highest common divisor of j and 44?
22
Let p = -181 + 244. What is the highest common factor of p and 1053?
9
Suppose 100269 = 5*c - u, -2101*c - 4*u - 80196 = -2105*c. What is the greatest common factor of c and 70?
35
Let h(s) = s**2 + 635*s - 3837. Let g be h(6). Suppose 0 = -4*m + 670 + 446. Calculate the greatest common factor of m and g.
9
Let b(s) = 702*s + 6388. Let l be b(-9). Calculate the greatest common factor of l and 2.
2
Let c(u) = 418*u - 7038. Let z be c(17). What is the greatest common divisor of 1870 and z?
34
Suppose -m - 13 - 1 = 0. Let t = 23 + m. Let x be 2/((-6)/(-101)) - (-3)/t. What is the greatest common divisor of 17 and x?
17
Let s = -4625 - -4633. What is the greatest common divisor of s and 1048?
8
Suppose -623 = -5*g - 583. Let n be (-9)/((-99)/(-44))*(-18)/g. Let u = 1 + 71. What is the greatest common factor of u and n?
9
Suppose -63971 = 74*y - 67819. Let c = 2 + 10. Calculate the highest common factor of y and c.
4
Suppose 11*m - 815 = 2749. Let h(f) = f**3 + 5*f**2 - 20*f - 48. Let v be h(-6). What is the highest common divisor of m and v?
36
Let z be (13 + 1)*(-6)/(-12). Suppose 0 = 3*u - z*u + 728. Suppose -8*l + 6 = -106. What is the highest common divisor of u and l?
14
Suppose 0 = -k + 2*k - 33. Suppose -5*f + 22 = -q, 3*f - 1 - 7 = -2*q. Suppose -f*j - 5*o = 3, -2*o - 3 = -o. Calculate the greatest common divisor of j and k.
3
Let b(n) = -8*n**3 + n**2 + 3*n + 2. Let f be b(-1). Suppose -3*h - 7308 = 3*h. Let i be h/(-9) + (-6)/(-9). Calculate the greatest common divisor of i and f.
8
Suppose 72*l - 129*l - 577800 = -67*l. Calculate the greatest common factor of 15 and l.
15
Let w(g) = -g**2 + 5*g + 80. Let h be w(-6). Suppose -h*a + a = -299. Calculate the highest common factor of a and 299.
23
Let u = 328 + -400. Let y be (((-136)/(-3))/(-4))/(2/u). What is the highest common divisor of 24 and y?
24
Let s = 17370 + -17362. Calculate the greatest common divisor of 20576 and s.
8
Suppose 0 = 24*k - 934 - 1034. What is the greatest common factor of 205 and k?
41
Let d be (-3 - (1 - 3))/(-1). Let b be d/2 - (-43)/2. Suppose -7 + 30 = 3*g - 5*r - 71, 3*r - 3 = 0. Calculate the highest common factor of b and g.
11
Let i be (32 - -315) + -5 + 0. Let g = 716 - i. What is the highest common factor of 44 and g?
22
Suppose 0 = 2*j - 2*x - 62 + 16, 0 = -2*x - 10. Suppose -t = 3*a - 69, a - 63 = -a + 5*t. What is the greatest common factor of a and j?
6
Let i be (-4)/(-6)*3*1. Let q be -2*12/8 - (-92)/(-2). Let z be (-162)/(-21) + (-14)/q. What is the highest common factor of i and z?
2
Let m be 6 + (-12)/(5 + -2). Let z be 3 - (m + 0)*(-3 + -1). What is the greatest common factor of z and 253?
11
Let a = -5087 - -5141. Calculate the highest common factor of a and 1809.
27
Suppose -27 + 3 = -6*m. Suppose 3*h = -c + 54 - 0, -2*h = m*c - 196. What is the highest common factor of c and 272?
16
Let s(o) = o**3 - 29*o**2 + 57*o - 18. Let k be s(27). Suppose 10 = 4*f - 10. Suppose k = f*n - 147. What is the greatest common divisor of 6 and n?
6
Suppose 1730 = -5*o + 5*q, 4*o + q - 695 = 6*o. Let f = -224 - o. Let h(x) = x**2 - 2*x - 10. Let m be h(7). Calculate the greatest common divisor of f and m.
25
Suppose 5718*x = 5737*x - 410590. Calculate the greatest common factor of 10 and x.
10
Suppose 1962*p - 1914*p = 1440. Calculate the greatest common divisor of p and 9630.
30
Suppose -6*q + 25 = -17. Suppose 40 + 2 = q*w. Calculate the highest common factor of 132 and w.
6
Suppose 0*h + h + t = 1, -2*t - 40 = -5*h. Suppose 29*r + h = 32*r. Let u be 17/r*(1 + 1). Calculate the highest common divisor of 17 and u.
17
Let r be -2*(-150)/2*1/3. Suppose 3*o = 0, -5*i - 3*o + 10 = -2*o. Suppose -3*w + 10 = -i*w. What is the greatest common factor of w and r?
10
Let g be (24/15)/((-4)/(-30)). Suppose -1216 = -28*u + 1472. Calculate the highest common factor of u and g.
12
Let c = -107 - -99. Let a be (-4 + 6)/(c/(-340)). Let n be ((-51)/(-9))/((-1)/(-3)). Calculate the greatest common divisor of a and n.
17
Let r(d) = 4 + 4*d + 8*d**2 + 2 + 0*d**3 + d**3. Let m be r(-4). Let f(l) = l**2 + 101*l + 2034. Let o be f(-74). What is the greatest common factor of m and o?
18
Let z = 83 + -87. Let x be (z - 0 - -3)/(1/(-11)). Suppose i + 3*v = 36, 6*i - x*i + 192 = 3*v. Calculate the greatest common divisor of 26 and i.
13
Suppose -574 = -4*a + 3*d - 29, 3*a = 4*d + 407. Let j = a + 6. Let m be 64680/(-2520)*(-12)/28. Calculate the highest common divisor of m and j.
11
Suppose -z + 24 = -463. Let w = z + -450. Calculate the greatest common divisor of 629 and w.
37
Let p = 464 + -442. Calculate the greatest common factor of p and 17105.
11
Suppose -l + 586 = 586. Suppose -55*s - 594 = -56*s - 5*w, l = -5*s + 5*w + 2850. Calculate the greatest common factor of s and 14.
14
Suppose 2*z + 925 = -5*k - 574, -3*z = 3*k + 2253. Let j = -677 - z. Let h = 73 - 48. Calculate the highest common divisor of h and j.
25
Let n = 282 + -279. Let w = 103 + 45. Suppose n*m = -4 + w. What is the highest common factor of m and 12?
12
Suppose -1183*h + 1216*h - 3036 = 0. What is the highest common divisor of h and 161?
23
Let l(u) = u - 18. Let a(g) = 4*g - 36. Let b(c) = 3*a(c) - 5*l(c). Let w be b(4). What is the greatest common divisor of w and 115?
5
Suppose 0 = -3*t - 187 + 835. Suppose -123*r - t = -124*r. Suppose 0 = 5*j - 15, 2*j + 0*j = 5*z - 114. What is the greatest common factor of z and r?
24
Let s = 17056 - 10477. Calculate the greatest common factor of 68 and s.
17
Let z = -22 + 13. Let r(g) = -3 - 1376*g + 2754*g - 1379*g. Let c be r(z). What is the highest common factor of 15 and c?
3
Let h = -4456 + 4592. Calculate the highest common divisor of h and 425.
17
Let z = 160 - 204. Let t be ((-3 + 1)/(-2))/((-11)/z). What is the highest common divisor of 32 and t?
4
Let r be ((-30)/(-25))/((-15)/(-50)). Suppose r = 2*c, -4*a + c + c = -1340. Suppose -24 = -5*d + a. Calculate the highest common factor of d and 9.
9
Suppose -g = -104*g + 4326. Calculate the highest common divisor of 1659 and g.
21
Let p = 59 - 29. Suppose 30*l - 39*l + 1642 = -5648. Calculate the highest common factor of p and l.
30
Suppose -2*q = 3 - 1. Let h be (-4 - q)/((-3)/3) + 1. Suppose -h*r + 1 + 3 = 0, 2*r = 2*b - 10. Calculate the greatest common factor of b and 42.
6
Let v(h) = -h + 52. Let s(a) = 12*a - 8. Let o be s(6). Let z be o/4 + 5/5. Let n be v(z). What is the greatest common divisor of 5 and n?
5
Suppose -22 = n - 39. Let x be (8/(-3))/((-8)/204). What is the greatest common divisor of n and x?
17
Let v(y) = -y**3 - 5*y**2 + 2*y + 8. Let u be v(-5). Let a be -1 - (-7 - u)*1. Let n be (8/12)/(a/18). What is the greatest common factor of 21 and n?
3
Suppose 12 = -79*p + 83*p. Suppose p*n - 12 = -3*h, 2*h - 12 = h + n. Suppose 2*y + y - 60 = 0. What is the highest common factor of h and y?
4
Let t = -23 - -37. Let y be 27/63 + (-386)/(-14). Calculate the highest common divisor of y and t.
14
Let f(q) = q + 3*q - 2*q + 0*q - 11. Let v be f(7). Suppose -2*x + 4*j = -292, -6 = 3*j + v. Calculate the greatest common divisor of 20 and x.
20
Suppose -3*m + 6*m = x + 557, 3*x = 5*m - 923. What is the highest common factor of 242 and m?
11
Suppose 7*h = -4 + 11. Let t be (-4)/(h/(3 + 14/(-4))). Calculate the greatest common factor of t and 4.
2
Let r(a) = -a**2 - 15*a + 116. Let d be r(7). Let y = 28 - d. Calculate the highest common divisor of y and 24.
6
Suppose 98*y + 2044 = 200*y - 95*y. Calculate the highest common factor of 16 and y.
4
Suppose 1592 = 2*x + 3*a + 1585, 4*x = a + 35. What is the highest common divisor of 4504 and x?
8
Let z(y) = -9*y**2 - 3*y - 8. Let m be z(-2). Let x be (2*m/(-7))/((-28)/(-98)). Calculate the greatest common divisor of x and 57.
19
Let l = 2 + 0. Suppose -5*k - 137 = -5*j + l*j, 241 = 5*j - 2*k. 